{"id":1332,"date":"2020-08-04T19:57:17","date_gmt":"2020-08-04T17:57:17","guid":{"rendered":"http:\/\/www.musiquem.fr\/college\/?page_id=1332"},"modified":"2020-08-21T14:05:17","modified_gmt":"2020-08-21T12:05:17","slug":"competences-travaillees-en-specialite-musique","status":"publish","type":"page","link":"http:\/\/www.musiquem.fr\/college\/competences-travaillees-en-specialite-musique\/","title":{"rendered":"SP\u00c9CIALIT\u00c9 MUSIQUE : Le livret de l&rsquo;\u00e9l\u00e8ve"},"content":{"rendered":"\n<p><iframe loading=\"lazy\" src=\"http:\/\/www.musiquem.fr\/college\/wp-content\/uploads\/2020\/08\/livret-de-l\u00e9l\u00e8ve.pdf\" width=\"600\" height=\"700\"><\/iframe><\/p>\n\n\n\n<p>Naviguer dans le document ci-dessus ou t\u00e9l\u00e9charger directement le pdf <a href=\"http:\/\/www.musiquem.fr\/college\/wp-content\/uploads\/2020\/08\/livret-de-l\u00e9l\u00e8ve.pdf\">ici<\/a><\/p>\n","protected":false},"excerpt":{"rendered":"<p>Naviguer dans le document ci-dessus ou t\u00e9l\u00e9charger directement le pdf ici<\/p>\n","protected":false},"author":1,"featured_media":0,"parent":0,"menu_order":0,"comment_status":"closed","ping_status":"closed","template":"","meta":{"footnotes":""},"class_list":["post-1332","page","type-page","status-publish","hentry"],"_links":{"self":[{"href":"http:\/\/www.musiquem.fr\/college\/wp-json\/wp\/v2\/pages\/1332","targetHints":{"allow":["GET"]}}],"collection":[{"href":"http:\/\/www.musiquem.fr\/college\/wp-json\/wp\/v2\/pages"}],"about":[{"href":"http:\/\/www.musiquem.fr\/college\/wp-json\/wp\/v2\/types\/page"}],"author":[{"embeddable":true,"href":"http:\/\/www.musiquem.fr\/college\/wp-json\/wp\/v2\/users\/1"}],"replies":[{"embeddable":true,"href":"http:\/\/www.musiquem.fr\/college\/wp-json\/wp\/v2\/comments?post=1332"}],"version-history":[{"count":27,"href":"http:\/\/www.musiquem.fr\/college\/wp-json\/wp\/v2\/pages\/1332\/revisions"}],"predecessor-version":[{"id":1461,"href":"http:\/\/www.musiquem.fr\/college\/wp-json\/wp\/v2\/pages\/1332\/revisions\/1461"}],"wp:attachment":[{"href":"http:\/\/www.musiquem.fr\/college\/wp-json\/wp\/v2\/media?parent=1332"}],"curies":[{"name":"wp","href":"https:\/\/api.w.org\/{rel}","templated":true}]}}

SPÉCIALITÉ MUSIQUE : Le livret de l&rsquo;élève

<p><iframe loading="lazy" src="http://www.musiquem.fr/college/wp-content/uploads/2020/08/livret-de-lélève.pdf" width="600" height="700"></iframe></p>



<p>Naviguer dans le document ci-dessus ou télécharger directement le pdf <a href="http://www.musiquem.fr/college/wp-content/uploads/2020/08/livret-de-lélève.pdf">ici</a></p>

<p>Naviguer dans le document ci-dessus ou télécharger directement le pdf ici</p>
