{"id":1427,"date":"2020-08-10T17:52:36","date_gmt":"2020-08-10T15:52:36","guid":{"rendered":"http:\/\/www.musiquem.fr\/college\/?page_id=1427"},"modified":"2020-08-20T14:39:07","modified_gmt":"2020-08-20T12:39:07","slug":"musique-et-orientation","status":"publish","type":"page","link":"http:\/\/www.musiquem.fr\/college\/musique-et-orientation\/","title":{"rendered":"orientation"},"content":{"rendered":"\n<p>Les informations ci-dessous sont amen\u00e9s \u00e0 \u00e9voluer avec le temps. Nous vous invitons \u00e0 cliquer sur l&rsquo;image (quand cela est possible) afin de consulter directement les sources.<\/p>\n\n\n\n<p>Site de la Philharmonie de Paris pour avoir un aper\u00e7u des m\u00e9tiers<\/p>\n\n\n\n<figure class=\"wp-block-image size-large\"><a href=\"https:\/\/metiers.philharmoniedeparis.fr\/eventail-metiers-musique.aspx\"><img loading=\"lazy\" decoding=\"async\" width=\"1024\" height=\"814\" src=\"http:\/\/www.musiquem.fr\/college\/wp-content\/uploads\/2020\/08\/Capture-d\u2019\u00e9cran-2020-08-20-\u00e0-14.30.20-1024x814.png\" alt=\"\" class=\"wp-image-1442\" srcset=\"http:\/\/www.musiquem.fr\/college\/wp-content\/uploads\/2020\/08\/Capture-d\u2019\u00e9cran-2020-08-20-\u00e0-14.30.20-1024x814.png 1024w, http:\/\/www.musiquem.fr\/college\/wp-content\/uploads\/2020\/08\/Capture-d\u2019\u00e9cran-2020-08-20-\u00e0-14.30.20-300x239.png 300w, http:\/\/www.musiquem.fr\/college\/wp-content\/uploads\/2020\/08\/Capture-d\u2019\u00e9cran-2020-08-20-\u00e0-14.30.20-768x611.png 768w, http:\/\/www.musiquem.fr\/college\/wp-content\/uploads\/2020\/08\/Capture-d\u2019\u00e9cran-2020-08-20-\u00e0-14.30.20-1536x1221.png 1536w, http:\/\/www.musiquem.fr\/college\/wp-content\/uploads\/2020\/08\/Capture-d\u2019\u00e9cran-2020-08-20-\u00e0-14.30.20.png 1934w\" sizes=\"auto, (max-width: 1024px) 100vw, 1024px\" \/><\/a><\/figure>\n\n\n\n<p>Lieux de formations et de diffusion en Mayenne<\/p>\n\n\n\n<figure class=\"wp-block-image size-large\"><img loading=\"lazy\" decoding=\"async\" width=\"1024\" height=\"1024\" src=\"http:\/\/www.musiquem.fr\/college\/wp-content\/uploads\/2020\/08\/Mayenne-1024x1024.png\" alt=\"\" class=\"wp-image-1444\" srcset=\"http:\/\/www.musiquem.fr\/college\/wp-content\/uploads\/2020\/08\/Mayenne-1024x1024.png 1024w, http:\/\/www.musiquem.fr\/college\/wp-content\/uploads\/2020\/08\/Mayenne-300x300.png 300w, http:\/\/www.musiquem.fr\/college\/wp-content\/uploads\/2020\/08\/Mayenne-150x150.png 150w, http:\/\/www.musiquem.fr\/college\/wp-content\/uploads\/2020\/08\/Mayenne-768x768.png 768w, http:\/\/www.musiquem.fr\/college\/wp-content\/uploads\/2020\/08\/Mayenne-1536x1536.png 1536w, http:\/\/www.musiquem.fr\/college\/wp-content\/uploads\/2020\/08\/Mayenne.png 1544w\" sizes=\"auto, (max-width: 1024px) 100vw, 1024px\" \/><\/figure>\n\n\n\n<p>Les m\u00e9tiers du son en France<\/p>\n\n\n\n<figure class=\"wp-block-image size-large\"><a href=\"https:\/\/metiers.philharmoniedeparis.fr\/ingenieur-du-son-technicien-du-son.aspx\"><img loading=\"lazy\" decoding=\"async\" width=\"1024\" height=\"992\" src=\"http:\/\/www.musiquem.fr\/college\/wp-content\/uploads\/2020\/08\/Capture-d\u2019\u00e9cran-2020-08-20-\u00e0-14.27.48-1024x992.png\" alt=\"\" class=\"wp-image-1445\" srcset=\"http:\/\/www.musiquem.fr\/college\/wp-content\/uploads\/2020\/08\/Capture-d\u2019\u00e9cran-2020-08-20-\u00e0-14.27.48-1024x992.png 1024w, http:\/\/www.musiquem.fr\/college\/wp-content\/uploads\/2020\/08\/Capture-d\u2019\u00e9cran-2020-08-20-\u00e0-14.27.48-300x291.png 300w, http:\/\/www.musiquem.fr\/college\/wp-content\/uploads\/2020\/08\/Capture-d\u2019\u00e9cran-2020-08-20-\u00e0-14.27.48-768x744.png 768w, http:\/\/www.musiquem.fr\/college\/wp-content\/uploads\/2020\/08\/Capture-d\u2019\u00e9cran-2020-08-20-\u00e0-14.27.48-1536x1488.png 1536w, http:\/\/www.musiquem.fr\/college\/wp-content\/uploads\/2020\/08\/Capture-d\u2019\u00e9cran-2020-08-20-\u00e0-14.27.48.png 1552w\" sizes=\"auto, (max-width: 1024px) 100vw, 1024px\" \/><\/a><\/figure>\n\n\n\n<p>Les formations universitaires en France<\/p>\n\n\n\n<figure class=\"wp-block-image size-large\"><a href=\"https:\/\/www.musicologie.org\/Colloques\/france.html\"><img loading=\"lazy\" decoding=\"async\" width=\"1024\" height=\"992\" src=\"http:\/\/www.musiquem.fr\/college\/wp-content\/uploads\/2020\/08\/Capture-d\u2019\u00e9cran-2020-08-20-\u00e0-14.26.59-1024x992.png\" alt=\"\" class=\"wp-image-1446\" srcset=\"http:\/\/www.musiquem.fr\/college\/wp-content\/uploads\/2020\/08\/Capture-d\u2019\u00e9cran-2020-08-20-\u00e0-14.26.59-1024x992.png 1024w, http:\/\/www.musiquem.fr\/college\/wp-content\/uploads\/2020\/08\/Capture-d\u2019\u00e9cran-2020-08-20-\u00e0-14.26.59-300x291.png 300w, http:\/\/www.musiquem.fr\/college\/wp-content\/uploads\/2020\/08\/Capture-d\u2019\u00e9cran-2020-08-20-\u00e0-14.26.59-768x744.png 768w, http:\/\/www.musiquem.fr\/college\/wp-content\/uploads\/2020\/08\/Capture-d\u2019\u00e9cran-2020-08-20-\u00e0-14.26.59-1536x1488.png 1536w, http:\/\/www.musiquem.fr\/college\/wp-content\/uploads\/2020\/08\/Capture-d\u2019\u00e9cran-2020-08-20-\u00e0-14.26.59.png 1548w\" sizes=\"auto, (max-width: 1024px) 100vw, 1024px\" \/><\/a><\/figure>\n","protected":false},"excerpt":{"rendered":"<p>Les informations ci-dessous sont amen\u00e9s \u00e0 \u00e9voluer avec le temps. Nous vous invitons \u00e0 cliquer sur l&rsquo;image (quand cela est possible) afin de consulter directement les sources. Site de la Philharmonie de Paris pour avoir un aper\u00e7u des m\u00e9tiers Lieux de formations et de diffusion en Mayenne Les m\u00e9tiers du son en France Les formations &hellip; <a href=\"http:\/\/www.musiquem.fr\/college\/musique-et-orientation\/\" class=\"more-link\">Continuer la lecture de <span class=\"screen-reader-text\">orientation<\/span>  <span class=\"meta-nav\">&rarr;<\/span><\/a><\/p>\n","protected":false},"author":1,"featured_media":0,"parent":0,"menu_order":0,"comment_status":"closed","ping_status":"closed","template":"","meta":{"footnotes":""},"class_list":["post-1427","page","type-page","status-publish","hentry"],"_links":{"self":[{"href":"http:\/\/www.musiquem.fr\/college\/wp-json\/wp\/v2\/pages\/1427","targetHints":{"allow":["GET"]}}],"collection":[{"href":"http:\/\/www.musiquem.fr\/college\/wp-json\/wp\/v2\/pages"}],"about":[{"href":"http:\/\/www.musiquem.fr\/college\/wp-json\/wp\/v2\/types\/page"}],"author":[{"embeddable":true,"href":"http:\/\/www.musiquem.fr\/college\/wp-json\/wp\/v2\/users\/1"}],"replies":[{"embeddable":true,"href":"http:\/\/www.musiquem.fr\/college\/wp-json\/wp\/v2\/comments?post=1427"}],"version-history":[{"count":4,"href":"http:\/\/www.musiquem.fr\/college\/wp-json\/wp\/v2\/pages\/1427\/revisions"}],"predecessor-version":[{"id":1447,"href":"http:\/\/www.musiquem.fr\/college\/wp-json\/wp\/v2\/pages\/1427\/revisions\/1447"}],"wp:attachment":[{"href":"http:\/\/www.musiquem.fr\/college\/wp-json\/wp\/v2\/media?parent=1427"}],"curies":[{"name":"wp","href":"https:\/\/api.w.org\/{rel}","templated":true}]}}