{"id":178,"date":"2016-12-28T17:36:22","date_gmt":"2016-12-28T16:36:22","guid":{"rendered":"http:\/\/www.musiquem.fr\/college\/?page_id=178"},"modified":"2020-05-20T10:43:25","modified_gmt":"2020-05-20T08:43:25","slug":"sequence-2-4eme-cest-a-vous-de-trouver-la-question","status":"publish","type":"page","link":"http:\/\/www.musiquem.fr\/college\/sequence-2-4eme-cest-a-vous-de-trouver-la-question\/","title":{"rendered":"S\u00e9quence 5 &#8211; 4\u00e8me : c&rsquo;est \u00e0 vous de trouver la question !"},"content":{"rendered":"<p>Pendant cette s\u00e9quence, vous serez confront\u00e9s \u00e0 une analyse comparative. Vous devrez comparer deux \u0153uvres et faire ressortir les principaux \u00e9l\u00e9ments. Bien \u00e9videmment, il y a des\u00a0liens entre les deux \u0153uvres. Tient \u00e0 vous de trouver une probl\u00e9matique qui reprend bien votre analyse.<\/p>\n<p>Cette s\u00e9quence ne poss\u00e8de pas de ressources documentaires. Vous devrez les rechercher vous-m\u00eame afin de mener \u00e0 bien votre mission.<\/p>\n<p>&nbsp;<\/p>\n<p>Acc\u00e9der au padlet<\/p>\n<div class=\"padlet-embed\" style=\"border: 1px solid rgba(0,0,0,0.1); border-radius: 2px; box-sizing: border-box; overflow: hidden; position: relative; width: 480px; height: 352px; max-width: 100%;\"><iframe loading=\"lazy\" style=\"width: 100%; height: 100%; display: block;\" src=\"https:\/\/padlet.com\/padlets\/m3ychk0zwn84\/embeds\/preview_embed\" width=\"300\" height=\"150\" frameborder=\"0\"><\/iframe><\/div>\n","protected":false},"excerpt":{"rendered":"<p>Pendant cette s\u00e9quence, vous serez confront\u00e9s \u00e0 une analyse comparative. Vous devrez comparer deux \u0153uvres et faire ressortir les principaux \u00e9l\u00e9ments. Bien \u00e9videmment, il y a des\u00a0liens entre les deux \u0153uvres. Tient \u00e0 vous de trouver une probl\u00e9matique qui reprend bien votre analyse. Cette s\u00e9quence ne poss\u00e8de pas de ressources documentaires. Vous devrez les rechercher &hellip; <a href=\"http:\/\/www.musiquem.fr\/college\/sequence-2-4eme-cest-a-vous-de-trouver-la-question\/\" class=\"more-link\">Continuer la lecture de <span class=\"screen-reader-text\">S\u00e9quence 5 &#8211; 4\u00e8me : c&rsquo;est \u00e0 vous de trouver la question !<\/span>  <span class=\"meta-nav\">&rarr;<\/span><\/a><\/p>\n","protected":false},"author":1,"featured_media":0,"parent":0,"menu_order":0,"comment_status":"closed","ping_status":"closed","template":"","meta":{"footnotes":""},"class_list":["post-178","page","type-page","status-publish","hentry"],"_links":{"self":[{"href":"http:\/\/www.musiquem.fr\/college\/wp-json\/wp\/v2\/pages\/178","targetHints":{"allow":["GET"]}}],"collection":[{"href":"http:\/\/www.musiquem.fr\/college\/wp-json\/wp\/v2\/pages"}],"about":[{"href":"http:\/\/www.musiquem.fr\/college\/wp-json\/wp\/v2\/types\/page"}],"author":[{"embeddable":true,"href":"http:\/\/www.musiquem.fr\/college\/wp-json\/wp\/v2\/users\/1"}],"replies":[{"embeddable":true,"href":"http:\/\/www.musiquem.fr\/college\/wp-json\/wp\/v2\/comments?post=178"}],"version-history":[{"count":11,"href":"http:\/\/www.musiquem.fr\/college\/wp-json\/wp\/v2\/pages\/178\/revisions"}],"predecessor-version":[{"id":1218,"href":"http:\/\/www.musiquem.fr\/college\/wp-json\/wp\/v2\/pages\/178\/revisions\/1218"}],"wp:attachment":[{"href":"http:\/\/www.musiquem.fr\/college\/wp-json\/wp\/v2\/media?parent=178"}],"curies":[{"name":"wp","href":"https:\/\/api.w.org\/{rel}","templated":true}]}}