{"id":1864,"date":"2020-09-02T11:21:53","date_gmt":"2020-09-02T09:21:53","guid":{"rendered":"http:\/\/www.musiquem.fr\/college\/?page_id=1864"},"modified":"2020-09-02T11:34:03","modified_gmt":"2020-09-02T09:34:03","slug":"partenariats-spectacles","status":"publish","type":"page","link":"http:\/\/www.musiquem.fr\/college\/partenariats-spectacles\/","title":{"rendered":"Partenariats &#8211; spectacles"},"content":{"rendered":"\n<h2 class=\"wp-block-heading\"><span class=\"has-inline-color has-green-color\">6par4<\/span><\/h2>\n\n\n\n<div class=\"wp-block-image\"><figure class=\"alignright size-large is-resized\"><img loading=\"lazy\" decoding=\"async\" src=\"http:\/\/www.musiquem.fr\/college\/wp-content\/uploads\/2020\/09\/Capture-d\u2019\u00e9cran-2020-09-02-\u00e0-10.54.50-1-1024x768.png\" alt=\"\" class=\"wp-image-1866\" width=\"192\" height=\"144\" srcset=\"http:\/\/www.musiquem.fr\/college\/wp-content\/uploads\/2020\/09\/Capture-d\u2019\u00e9cran-2020-09-02-\u00e0-10.54.50-1-1024x768.png 1024w, http:\/\/www.musiquem.fr\/college\/wp-content\/uploads\/2020\/09\/Capture-d\u2019\u00e9cran-2020-09-02-\u00e0-10.54.50-1-300x225.png 300w, http:\/\/www.musiquem.fr\/college\/wp-content\/uploads\/2020\/09\/Capture-d\u2019\u00e9cran-2020-09-02-\u00e0-10.54.50-1-768x576.png 768w, http:\/\/www.musiquem.fr\/college\/wp-content\/uploads\/2020\/09\/Capture-d\u2019\u00e9cran-2020-09-02-\u00e0-10.54.50-1.png 1078w\" sizes=\"auto, (max-width: 192px) 100vw, 192px\" \/><\/figure><\/div>\n\n\n\n<p><strong>ZICZAC :<\/strong> Les \u00e9l\u00e8ves de seconde participeront au projet <a href=\"http:\/\/www.6par4.com\/action-culturelle\/zic-zac-au-lycee\">Zic Zac<\/a> organis\u00e9 par le <a href=\"http:\/\/www.6par4.com\">6par4<\/a>. <\/p>\n\n\n\n<p><strong>ACCOMPAGNEMENT :<\/strong> Les \u00e9l\u00e8ves de la section seront amen\u00e9s \u00e0 participer \u00e0 des ateliers avec des artistes intervenants afin de d\u00e9velopper les projets musicaux.<\/p>\n\n\n\n<p><strong>PUBLICATION : <\/strong>les \u00e9l\u00e8ves r\u00e9aliseront des petites publications sur les concerts de cette structure culturelle.<\/p>\n\n\n\n<h2 class=\"wp-block-heading\"><span class=\"has-inline-color has-green-color\">Th\u00e9\u00e2tre de Laval<\/span><\/h2>\n\n\n\n<div class=\"wp-block-image\"><figure class=\"alignright size-large is-resized\"><img loading=\"lazy\" decoding=\"async\" src=\"http:\/\/www.musiquem.fr\/college\/wp-content\/uploads\/2020\/09\/theatre-laval-facade-715x1024.jpg\" alt=\"\" class=\"wp-image-1872\" width=\"203\" height=\"290\" srcset=\"http:\/\/www.musiquem.fr\/college\/wp-content\/uploads\/2020\/09\/theatre-laval-facade-715x1024.jpg 715w, http:\/\/www.musiquem.fr\/college\/wp-content\/uploads\/2020\/09\/theatre-laval-facade-209x300.jpg 209w, http:\/\/www.musiquem.fr\/college\/wp-content\/uploads\/2020\/09\/theatre-laval-facade-768x1100.jpg 768w, http:\/\/www.musiquem.fr\/college\/wp-content\/uploads\/2020\/09\/theatre-laval-facade-1072x1536.jpg 1072w, http:\/\/www.musiquem.fr\/college\/wp-content\/uploads\/2020\/09\/theatre-laval-facade.jpg 1254w\" sizes=\"auto, (max-width: 203px) 100vw, 203px\" \/><\/figure><\/div>\n\n\n\n<p><strong>SPECTACLE :<\/strong> <em>Le n\u00e9cessaire d\u00e9s\u00e9quilibre des choses<\/em>, de la compagnie Les Anges au plafond. \u00ab\u00a0<em>Deux quatuors se font face, se jaugent, s\u2019interpellent. D\u2019un c\u00f4t\u00e9, un quatuor \u00e0 cordes, dont la contrebasse est le coeur vibrant. De l\u2019autre, une plasticienne, un homme\u00e9chelle et deux chercheurs-marionnettistes<\/em>\u00ab\u00a0. <a href=\"https:\/\/letheatre.laval.fr\/spectacles\/le-necessaire-desequilibre-des-choses\/\">lien<\/a><\/p>\n\n\n\n<p>=> D\u00e9velopper l&rsquo;esprit critique, (voir la <a href=\"http:\/\/www.musiquem.fr\/college\/ecole-du-spectateur-le-carnet-de-bord\/\">fiche<\/a> sur l&rsquo;\u00e9cole du spectateur)<\/p>\n\n\n\n<h2 class=\"wp-block-heading\"><span class=\"has-inline-color has-green-color\">Le Chainon manquant<\/span><\/h2>\n\n\n\n<div class=\"wp-block-image\"><figure class=\"alignright size-large is-resized\"><img loading=\"lazy\" decoding=\"async\" src=\"http:\/\/www.musiquem.fr\/college\/wp-content\/uploads\/2020\/09\/Capture-d\u2019\u00e9cran-2020-09-02-\u00e0-11.20.41-1.png\" alt=\"\" class=\"wp-image-1874\" width=\"204\" height=\"191\" srcset=\"http:\/\/www.musiquem.fr\/college\/wp-content\/uploads\/2020\/09\/Capture-d\u2019\u00e9cran-2020-09-02-\u00e0-11.20.41-1.png 922w, http:\/\/www.musiquem.fr\/college\/wp-content\/uploads\/2020\/09\/Capture-d\u2019\u00e9cran-2020-09-02-\u00e0-11.20.41-1-300x281.png 300w, http:\/\/www.musiquem.fr\/college\/wp-content\/uploads\/2020\/09\/Capture-d\u2019\u00e9cran-2020-09-02-\u00e0-11.20.41-1-768x720.png 768w\" sizes=\"auto, (max-width: 204px) 100vw, 204px\" \/><\/figure><\/div>\n\n\n\n<p>Fond\u00e9 au milieu des ann\u00e9es 80 par des responsables de structures de spectacles, le <a href=\"https:\/\/www.lechainon.fr\">R\u00e9seau Chainon<\/a> s\u2019est forg\u00e9 sur deux principes fondamentaux\u00a0<strong>: le rep\u00e9rage artistique<\/strong>\u00a0et le\u00a0<strong>d\u00e9veloppement \u00e9conomique d\u2019un circuit culturel \u00e9quitable et solidaire<\/strong>.\u00a0<\/p>\n\n\n\n<p>Ce festival permet aux \u00e9l\u00e8ves (1\u00e8re et term.) de se rendre compte des r\u00e9alit\u00e9s \u00e9conomiques et culturelles mais aussi de rencontrer des artistes \u00e0 l&rsquo;occasion de bord de sc\u00e8ne. C&rsquo;est \u00e9galement un moment propice pour d\u00e9velopper son esprit critique. <\/p>\n\n\n\n<h2 class=\"wp-block-heading\"><span class=\"has-inline-color has-green-color\">Conservatoire de Laval<\/span><\/h2>\n\n\n\n<div class=\"wp-block-image\"><figure class=\"alignright size-large is-resized\"><img loading=\"lazy\" decoding=\"async\" src=\"http:\/\/www.musiquem.fr\/college\/wp-content\/uploads\/2020\/09\/Capture-d\u2019\u00e9cran-2020-09-02-\u00e0-11.24.14.png\" alt=\"\" class=\"wp-image-1876\" width=\"208\" height=\"217\" srcset=\"http:\/\/www.musiquem.fr\/college\/wp-content\/uploads\/2020\/09\/Capture-d\u2019\u00e9cran-2020-09-02-\u00e0-11.24.14.png 562w, http:\/\/www.musiquem.fr\/college\/wp-content\/uploads\/2020\/09\/Capture-d\u2019\u00e9cran-2020-09-02-\u00e0-11.24.14-286x300.png 286w\" sizes=\"auto, (max-width: 208px) 100vw, 208px\" \/><\/figure><\/div>\n\n\n\n<p>Partenariat avec le <a href=\"https:\/\/crd.agglo-laval.fr\">conservatoire de Laval<\/a> <\/p>\n\n\n\n<p><\/p>\n\n\n\n<p><\/p>\n\n\n\n<h2 class=\"wp-block-heading\"><span class=\"has-inline-color has-green-color\">Le Lyc\u00e9e Rousseau<\/span><\/h2>\n\n\n\n<p>Un projet d&rsquo;\u00e9change sera men\u00e9 avec les \u00e9l\u00e8ves des sections artistiques du lyc\u00e9e Rousseau. Dans le cadre d&rsquo;une cr\u00e9ation commune autour du th\u00e8me ordre et d\u00e9sordre, les \u00e9l\u00e8ves des sections Th\u00e9\u00e2tre, musique et Arts plastiques \u00e9tabliront des passerelles entre les arts.<\/p>\n\n\n\n<p><\/p>\n","protected":false},"excerpt":{"rendered":"<p>6par4 ZICZAC : Les \u00e9l\u00e8ves de seconde participeront au projet Zic Zac organis\u00e9 par le 6par4. ACCOMPAGNEMENT : Les \u00e9l\u00e8ves de la section seront amen\u00e9s \u00e0 participer \u00e0 des ateliers avec des artistes intervenants afin de d\u00e9velopper les projets musicaux. PUBLICATION : les \u00e9l\u00e8ves r\u00e9aliseront des petites publications sur les concerts de cette structure culturelle. &hellip; <a href=\"http:\/\/www.musiquem.fr\/college\/partenariats-spectacles\/\" class=\"more-link\">Continuer la lecture de <span class=\"screen-reader-text\">Partenariats &#8211; spectacles<\/span>  <span class=\"meta-nav\">&rarr;<\/span><\/a><\/p>\n","protected":false},"author":1,"featured_media":0,"parent":0,"menu_order":0,"comment_status":"closed","ping_status":"closed","template":"","meta":{"footnotes":""},"class_list":["post-1864","page","type-page","status-publish","hentry"],"_links":{"self":[{"href":"http:\/\/www.musiquem.fr\/college\/wp-json\/wp\/v2\/pages\/1864","targetHints":{"allow":["GET"]}}],"collection":[{"href":"http:\/\/www.musiquem.fr\/college\/wp-json\/wp\/v2\/pages"}],"about":[{"href":"http:\/\/www.musiquem.fr\/college\/wp-json\/wp\/v2\/types\/page"}],"author":[{"embeddable":true,"href":"http:\/\/www.musiquem.fr\/college\/wp-json\/wp\/v2\/users\/1"}],"replies":[{"embeddable":true,"href":"http:\/\/www.musiquem.fr\/college\/wp-json\/wp\/v2\/comments?post=1864"}],"version-history":[{"count":9,"href":"http:\/\/www.musiquem.fr\/college\/wp-json\/wp\/v2\/pages\/1864\/revisions"}],"predecessor-version":[{"id":1879,"href":"http:\/\/www.musiquem.fr\/college\/wp-json\/wp\/v2\/pages\/1864\/revisions\/1879"}],"wp:attachment":[{"href":"http:\/\/www.musiquem.fr\/college\/wp-json\/wp\/v2\/media?parent=1864"}],"curies":[{"name":"wp","href":"https:\/\/api.w.org\/{rel}","templated":true}]}}

<h2 class="wp-block-heading"><span class="has-inline-color has-green-color">6par4</span></h2>



<div class="wp-block-image"><figure class="alignright size-large is-resized"><img loading="lazy" decoding="async" src="http://www.musiquem.fr/college/wp-content/uploads/2020/09/Capture-d’écran-2020-09-02-à-10.54.50-1-1024x768.png" alt="" class="wp-image-1866" width="192" height="144" srcset="http://www.musiquem.fr/college/wp-content/uploads/2020/09/Capture-d’écran-2020-09-02-à-10.54.50-1-1024x768.png 1024w, http://www.musiquem.fr/college/wp-content/uploads/2020/09/Capture-d’écran-2020-09-02-à-10.54.50-1-300x225.png 300w, http://www.musiquem.fr/college/wp-content/uploads/2020/09/Capture-d’écran-2020-09-02-à-10.54.50-1-768x576.png 768w, http://www.musiquem.fr/college/wp-content/uploads/2020/09/Capture-d’écran-2020-09-02-à-10.54.50-1.png 1078w" sizes="auto, (max-width: 192px) 100vw, 192px" /></figure></div>



<p><strong>ZICZAC :</strong> Les élèves de seconde participeront au projet <a href="http://www.6par4.com/action-culturelle/zic-zac-au-lycee">Zic Zac</a> organisé par le <a href="http://www.6par4.com">6par4</a>. </p>



<p><strong>ACCOMPAGNEMENT :</strong> Les élèves de la section seront amenés à participer à des ateliers avec des artistes intervenants afin de développer les projets musicaux.</p>



<p><strong>PUBLICATION : </strong>les élèves réaliseront des petites publications sur les concerts de cette structure culturelle.</p>



<h2 class="wp-block-heading"><span class="has-inline-color has-green-color">Théâtre de Laval</span></h2>



<div class="wp-block-image"><figure class="alignright size-large is-resized"><img loading="lazy" decoding="async" src="http://www.musiquem.fr/college/wp-content/uploads/2020/09/theatre-laval-facade-715x1024.jpg" alt="" class="wp-image-1872" width="203" height="290" srcset="http://www.musiquem.fr/college/wp-content/uploads/2020/09/theatre-laval-facade-715x1024.jpg 715w, http://www.musiquem.fr/college/wp-content/uploads/2020/09/theatre-laval-facade-209x300.jpg 209w, http://www.musiquem.fr/college/wp-content/uploads/2020/09/theatre-laval-facade-768x1100.jpg 768w, http://www.musiquem.fr/college/wp-content/uploads/2020/09/theatre-laval-facade-1072x1536.jpg 1072w, http://www.musiquem.fr/college/wp-content/uploads/2020/09/theatre-laval-facade.jpg 1254w" sizes="auto, (max-width: 203px) 100vw, 203px" /></figure></div>



<p><strong>SPECTACLE :</strong> <em>Le nécessaire déséquilibre des choses</em>, de la compagnie Les Anges au plafond. « <em>Deux quatuors se font face, se jaugent, s’interpellent. D’un côté, un quatuor à cordes, dont la contrebasse est le coeur vibrant. De l’autre, une plasticienne, un hommeéchelle et deux chercheurs-marionnettistes</em>« . <a href="https://letheatre.laval.fr/spectacles/le-necessaire-desequilibre-des-choses/">lien</a></p>



<p>=> Développer l&rsquo;esprit critique, (voir la <a href="http://www.musiquem.fr/college/ecole-du-spectateur-le-carnet-de-bord/">fiche</a> sur l&rsquo;école du spectateur)</p>



<h2 class="wp-block-heading"><span class="has-inline-color has-green-color">Le Chainon manquant</span></h2>



<div class="wp-block-image"><figure class="alignright size-large is-resized"><img loading="lazy" decoding="async" src="http://www.musiquem.fr/college/wp-content/uploads/2020/09/Capture-d’écran-2020-09-02-à-11.20.41-1.png" alt="" class="wp-image-1874" width="204" height="191" srcset="http://www.musiquem.fr/college/wp-content/uploads/2020/09/Capture-d’écran-2020-09-02-à-11.20.41-1.png 922w, http://www.musiquem.fr/college/wp-content/uploads/2020/09/Capture-d’écran-2020-09-02-à-11.20.41-1-300x281.png 300w, http://www.musiquem.fr/college/wp-content/uploads/2020/09/Capture-d’écran-2020-09-02-à-11.20.41-1-768x720.png 768w" sizes="auto, (max-width: 204px) 100vw, 204px" /></figure></div>



<p>Fondé au milieu des années 80 par des responsables de structures de spectacles, le <a href="https://www.lechainon.fr">Réseau Chainon</a> s’est forgé sur deux principes fondamentaux <strong>: le repérage artistique</strong> et le <strong>développement économique d’un circuit culturel équitable et solidaire</strong>. </p>



<p>Ce festival permet aux élèves (1ère et term.) de se rendre compte des réalités économiques et culturelles mais aussi de rencontrer des artistes à l&rsquo;occasion de bord de scène. C&rsquo;est également un moment propice pour développer son esprit critique. </p>



<h2 class="wp-block-heading"><span class="has-inline-color has-green-color">Conservatoire de Laval</span></h2>



<div class="wp-block-image"><figure class="alignright size-large is-resized"><img loading="lazy" decoding="async" src="http://www.musiquem.fr/college/wp-content/uploads/2020/09/Capture-d’écran-2020-09-02-à-11.24.14.png" alt="" class="wp-image-1876" width="208" height="217" srcset="http://www.musiquem.fr/college/wp-content/uploads/2020/09/Capture-d’écran-2020-09-02-à-11.24.14.png 562w, http://www.musiquem.fr/college/wp-content/uploads/2020/09/Capture-d’écran-2020-09-02-à-11.24.14-286x300.png 286w" sizes="auto, (max-width: 208px) 100vw, 208px" /></figure></div>



<p>Partenariat avec le <a href="https://crd.agglo-laval.fr">conservatoire de Laval</a> </p>



<p></p>



<p></p>



<h2 class="wp-block-heading"><span class="has-inline-color has-green-color">Le Lycée Rousseau</span></h2>



<p>Un projet d&rsquo;échange sera mené avec les élèves des sections artistiques du lycée Rousseau. Dans le cadre d&rsquo;une création commune autour du thème ordre et désordre, les élèves des sections Théâtre, musique et Arts plastiques établiront des passerelles entre les arts.</p>



<p></p>

<p>6par4 ZICZAC : Les élèves de seconde participeront au projet Zic Zac organisé par le 6par4. ACCOMPAGNEMENT : Les élèves de la section seront amenés à participer à des ateliers avec des artistes intervenants afin de développer les projets musicaux. PUBLICATION : les élèves réaliseront des petites publications sur les concerts de cette structure culturelle. &hellip; <a href="http://www.musiquem.fr/college/partenariats-spectacles/" class="more-link">Continuer la lecture de <span class="screen-reader-text">Partenariats &#8211; spectacles</span>  <span class="meta-nav">&rarr;</span></a></p>
