{"id":1997,"date":"2020-11-09T17:54:19","date_gmt":"2020-11-09T16:54:19","guid":{"rendered":"http:\/\/www.musiquem.fr\/college\/?page_id=1997"},"modified":"2020-11-12T14:54:49","modified_gmt":"2020-11-12T13:54:49","slug":"sujet-2-musique-recit-mouvement-et-scene","status":"publish","type":"page","link":"http:\/\/www.musiquem.fr\/college\/sujet-2-musique-recit-mouvement-et-scene\/","title":{"rendered":"Sujet 2 : musique, r\u00e9cit, mouvement et sc\u00e8ne"},"content":{"rendered":"\n<p><strong><span class=\"has-inline-color has-green-color\">Cr\u00e9ation avec l&rsquo;atelier th\u00e9\u00e2tre et les arts plastiques du Lyc\u00e9e Rousseau<\/span><\/strong><\/p>\n\n\n\n<div class=\"wp-block-image\"><figure class=\"alignleft size-large is-resized\"><img loading=\"lazy\" decoding=\"async\" src=\"http:\/\/www.musiquem.fr\/college\/wp-content\/uploads\/2020\/11\/Capture-d\u2019\u00e9cran-2020-11-09-\u00e0-17.57.20.png\" alt=\"\" class=\"wp-image-2001\" width=\"126\" height=\"231\" srcset=\"http:\/\/www.musiquem.fr\/college\/wp-content\/uploads\/2020\/11\/Capture-d\u2019\u00e9cran-2020-11-09-\u00e0-17.57.20.png 372w, http:\/\/www.musiquem.fr\/college\/wp-content\/uploads\/2020\/11\/Capture-d\u2019\u00e9cran-2020-11-09-\u00e0-17.57.20-163x300.png 163w\" sizes=\"auto, (max-width: 126px) 100vw, 126px\" \/><\/figure><\/div>\n\n\n\n<p>Objectifs :<\/p>\n\n\n\n<ul class=\"wp-block-list\"><li>d\u00e9cloisonner les disciplines en ouvrant les \u00e9l\u00e8ves \u00e0 de nouvelles pratiques artistiques<\/li><li>\u00e9tudier les interactions possibles entre diff\u00e9rentes disciplines dans le cadre d&rsquo;une cr\u00e9ation commune <\/li><\/ul>\n\n\n\n<p><strong><span class=\"has-inline-color has-green-color\">Question de style et du genre en musique<\/span><\/strong><\/p>\n\n\n\n<iframe loading=\"lazy\" width=\"560\" height=\"315\" src=\"https:\/\/www.youtube.com\/embed\/4Lf1_PSbsMQ\" frameborder=\"0\" allow=\"accelerometer; autoplay; clipboard-write; encrypted-media; gyroscope; picture-in-picture\" allowfullscreen=\"\"><\/iframe>\n\n\n\n<figure class=\"wp-block-gallery columns-4 is-cropped wp-block-gallery-1 is-layout-flex wp-block-gallery-is-layout-flex\"><ul class=\"blocks-gallery-grid\"><li class=\"blocks-gallery-item\"><figure><a href=\"http:\/\/www.musiquem.fr\/college\/sujet-2-musique-recit-mouvement-et-scene\/chanson-2\/\"><img loading=\"lazy\" decoding=\"async\" width=\"724\" height=\"1024\" src=\"http:\/\/www.musiquem.fr\/college\/wp-content\/uploads\/2020\/11\/chanson-724x1024.jpg\" alt=\"\" data-id=\"2002\" data-link=\"http:\/\/www.musiquem.fr\/college\/sujet-2-musique-recit-mouvement-et-scene\/chanson-2\/\" class=\"wp-image-2002\" srcset=\"http:\/\/www.musiquem.fr\/college\/wp-content\/uploads\/2020\/11\/chanson-724x1024.jpg 724w, http:\/\/www.musiquem.fr\/college\/wp-content\/uploads\/2020\/11\/chanson-212x300.jpg 212w, http:\/\/www.musiquem.fr\/college\/wp-content\/uploads\/2020\/11\/chanson-768x1086.jpg 768w, http:\/\/www.musiquem.fr\/college\/wp-content\/uploads\/2020\/11\/chanson-1086x1536.jpg 1086w, http:\/\/www.musiquem.fr\/college\/wp-content\/uploads\/2020\/11\/chanson-1448x2048.jpg 1448w, http:\/\/www.musiquem.fr\/college\/wp-content\/uploads\/2020\/11\/chanson-scaled.jpg 1810w\" sizes=\"auto, (max-width: 724px) 100vw, 724px\" \/><\/a><\/figure><\/li><li class=\"blocks-gallery-item\"><figure><a href=\"http:\/\/www.musiquem.fr\/college\/sujet-2-musique-recit-mouvement-et-scene\/concerto-2\/\"><img loading=\"lazy\" decoding=\"async\" width=\"724\" height=\"1024\" src=\"http:\/\/www.musiquem.fr\/college\/wp-content\/uploads\/2020\/11\/concerto-724x1024.jpg\" alt=\"\" data-id=\"2003\" data-link=\"http:\/\/www.musiquem.fr\/college\/sujet-2-musique-recit-mouvement-et-scene\/concerto-2\/\" class=\"wp-image-2003\" srcset=\"http:\/\/www.musiquem.fr\/college\/wp-content\/uploads\/2020\/11\/concerto-724x1024.jpg 724w, http:\/\/www.musiquem.fr\/college\/wp-content\/uploads\/2020\/11\/concerto-212x300.jpg 212w, http:\/\/www.musiquem.fr\/college\/wp-content\/uploads\/2020\/11\/concerto-768x1086.jpg 768w, http:\/\/www.musiquem.fr\/college\/wp-content\/uploads\/2020\/11\/concerto-1086x1536.jpg 1086w, http:\/\/www.musiquem.fr\/college\/wp-content\/uploads\/2020\/11\/concerto-1448x2048.jpg 1448w, http:\/\/www.musiquem.fr\/college\/wp-content\/uploads\/2020\/11\/concerto-scaled.jpg 1810w\" sizes=\"auto, (max-width: 724px) 100vw, 724px\" \/><\/a><\/figure><\/li><li class=\"blocks-gallery-item\"><figure><a href=\"http:\/\/www.musiquem.fr\/college\/sujet-2-musique-recit-mouvement-et-scene\/musique-de-chambre-2\/\"><img loading=\"lazy\" decoding=\"async\" width=\"724\" height=\"1024\" src=\"http:\/\/www.musiquem.fr\/college\/wp-content\/uploads\/2020\/11\/musique-de-chambre-724x1024.jpg\" alt=\"\" data-id=\"2004\" data-link=\"http:\/\/www.musiquem.fr\/college\/sujet-2-musique-recit-mouvement-et-scene\/musique-de-chambre-2\/\" class=\"wp-image-2004\" srcset=\"http:\/\/www.musiquem.fr\/college\/wp-content\/uploads\/2020\/11\/musique-de-chambre-724x1024.jpg 724w, http:\/\/www.musiquem.fr\/college\/wp-content\/uploads\/2020\/11\/musique-de-chambre-212x300.jpg 212w, http:\/\/www.musiquem.fr\/college\/wp-content\/uploads\/2020\/11\/musique-de-chambre-768x1086.jpg 768w, http:\/\/www.musiquem.fr\/college\/wp-content\/uploads\/2020\/11\/musique-de-chambre-1086x1536.jpg 1086w, http:\/\/www.musiquem.fr\/college\/wp-content\/uploads\/2020\/11\/musique-de-chambre-1448x2048.jpg 1448w, http:\/\/www.musiquem.fr\/college\/wp-content\/uploads\/2020\/11\/musique-de-chambre-scaled.jpg 1810w\" sizes=\"auto, (max-width: 724px) 100vw, 724px\" \/><\/a><\/figure><\/li><li class=\"blocks-gallery-item\"><figure><a href=\"http:\/\/www.musiquem.fr\/college\/sujet-2-musique-recit-mouvement-et-scene\/musique-sacree-2\/\"><img loading=\"lazy\" decoding=\"async\" width=\"724\" height=\"1024\" src=\"http:\/\/www.musiquem.fr\/college\/wp-content\/uploads\/2020\/11\/musique-sacr\u00e9e-724x1024.jpg\" alt=\"\" data-id=\"2005\" data-link=\"http:\/\/www.musiquem.fr\/college\/sujet-2-musique-recit-mouvement-et-scene\/musique-sacree-2\/\" class=\"wp-image-2005\" srcset=\"http:\/\/www.musiquem.fr\/college\/wp-content\/uploads\/2020\/11\/musique-sacr\u00e9e-724x1024.jpg 724w, http:\/\/www.musiquem.fr\/college\/wp-content\/uploads\/2020\/11\/musique-sacr\u00e9e-212x300.jpg 212w, http:\/\/www.musiquem.fr\/college\/wp-content\/uploads\/2020\/11\/musique-sacr\u00e9e-768x1086.jpg 768w, http:\/\/www.musiquem.fr\/college\/wp-content\/uploads\/2020\/11\/musique-sacr\u00e9e-1086x1536.jpg 1086w, http:\/\/www.musiquem.fr\/college\/wp-content\/uploads\/2020\/11\/musique-sacr\u00e9e-1448x2048.jpg 1448w, http:\/\/www.musiquem.fr\/college\/wp-content\/uploads\/2020\/11\/musique-sacr\u00e9e-scaled.jpg 1810w\" sizes=\"auto, (max-width: 724px) 100vw, 724px\" \/><\/a><\/figure><\/li><li class=\"blocks-gallery-item\"><figure><a href=\"http:\/\/www.musiquem.fr\/college\/sujet-2-musique-recit-mouvement-et-scene\/sonate-2\/\"><img loading=\"lazy\" decoding=\"async\" width=\"724\" height=\"1024\" src=\"http:\/\/www.musiquem.fr\/college\/wp-content\/uploads\/2020\/11\/sonate-724x1024.jpg\" alt=\"\" data-id=\"2007\" data-link=\"http:\/\/www.musiquem.fr\/college\/sujet-2-musique-recit-mouvement-et-scene\/sonate-2\/\" class=\"wp-image-2007\" srcset=\"http:\/\/www.musiquem.fr\/college\/wp-content\/uploads\/2020\/11\/sonate-724x1024.jpg 724w, http:\/\/www.musiquem.fr\/college\/wp-content\/uploads\/2020\/11\/sonate-212x300.jpg 212w, http:\/\/www.musiquem.fr\/college\/wp-content\/uploads\/2020\/11\/sonate-768x1086.jpg 768w, http:\/\/www.musiquem.fr\/college\/wp-content\/uploads\/2020\/11\/sonate-1086x1536.jpg 1086w, http:\/\/www.musiquem.fr\/college\/wp-content\/uploads\/2020\/11\/sonate-1448x2048.jpg 1448w, http:\/\/www.musiquem.fr\/college\/wp-content\/uploads\/2020\/11\/sonate-scaled.jpg 1810w\" sizes=\"auto, (max-width: 724px) 100vw, 724px\" \/><\/a><\/figure><\/li><li class=\"blocks-gallery-item\"><figure><a href=\"http:\/\/www.musiquem.fr\/college\/sujet-2-musique-recit-mouvement-et-scene\/symphonie-2\/\"><img loading=\"lazy\" decoding=\"async\" width=\"724\" height=\"1024\" src=\"http:\/\/www.musiquem.fr\/college\/wp-content\/uploads\/2020\/11\/symphonie-724x1024.jpg\" alt=\"\" data-id=\"2008\" data-full-url=\"http:\/\/www.musiquem.fr\/college\/wp-content\/uploads\/2020\/11\/symphonie-scaled.jpg\" data-link=\"http:\/\/www.musiquem.fr\/college\/sujet-2-musique-recit-mouvement-et-scene\/symphonie-2\/\" class=\"wp-image-2008\" srcset=\"http:\/\/www.musiquem.fr\/college\/wp-content\/uploads\/2020\/11\/symphonie-724x1024.jpg 724w, http:\/\/www.musiquem.fr\/college\/wp-content\/uploads\/2020\/11\/symphonie-212x300.jpg 212w, http:\/\/www.musiquem.fr\/college\/wp-content\/uploads\/2020\/11\/symphonie-768x1086.jpg 768w, http:\/\/www.musiquem.fr\/college\/wp-content\/uploads\/2020\/11\/symphonie-1086x1536.jpg 1086w, http:\/\/www.musiquem.fr\/college\/wp-content\/uploads\/2020\/11\/symphonie-1448x2048.jpg 1448w, http:\/\/www.musiquem.fr\/college\/wp-content\/uploads\/2020\/11\/symphonie-scaled.jpg 1810w\" sizes=\"auto, (max-width: 724px) 100vw, 724px\" \/><\/a><\/figure><\/li><li class=\"blocks-gallery-item\"><figure><a href=\"http:\/\/www.musiquem.fr\/college\/sujet-2-musique-recit-mouvement-et-scene\/opera-2\/\"><img loading=\"lazy\" decoding=\"async\" width=\"724\" height=\"1024\" src=\"http:\/\/www.musiquem.fr\/college\/wp-content\/uploads\/2020\/11\/op\u00e9ra-724x1024.jpg\" alt=\"\" data-id=\"2006\" data-link=\"http:\/\/www.musiquem.fr\/college\/sujet-2-musique-recit-mouvement-et-scene\/opera-2\/\" class=\"wp-image-2006\" srcset=\"http:\/\/www.musiquem.fr\/college\/wp-content\/uploads\/2020\/11\/op\u00e9ra-724x1024.jpg 724w, http:\/\/www.musiquem.fr\/college\/wp-content\/uploads\/2020\/11\/op\u00e9ra-212x300.jpg 212w, http:\/\/www.musiquem.fr\/college\/wp-content\/uploads\/2020\/11\/op\u00e9ra-768x1086.jpg 768w, http:\/\/www.musiquem.fr\/college\/wp-content\/uploads\/2020\/11\/op\u00e9ra-1086x1536.jpg 1086w, http:\/\/www.musiquem.fr\/college\/wp-content\/uploads\/2020\/11\/op\u00e9ra-1448x2048.jpg 1448w, http:\/\/www.musiquem.fr\/college\/wp-content\/uploads\/2020\/11\/op\u00e9ra-scaled.jpg 1810w\" sizes=\"auto, (max-width: 724px) 100vw, 724px\" \/><\/a><\/figure><\/li><\/ul><\/figure>\n\n\n\n<p>Lesquels de ces genres musicaux permettent de r\u00e9aliser un r\u00e9cit ?<\/p>\n\n\n\n<p>A quel public chaque genre est-il destin\u00e9 ?<\/p>\n\n\n\n<p>Dans quel lieux s&rsquo;organise chaque genre ?<\/p>\n\n\n\n<p>Comment s&rsquo;organise l&rsquo;espace \/la sc\u00e8ne pour chacun de ces genres ?<\/p>\n\n\n\n<p>Qu&rsquo;est-ce qu&rsquo;un po\u00e8me symphonique ?<\/p>\n\n\n\n<p>Peut-on v\u00e9ritablement raconter une histoire en utilisant uniquement un langage musical ?<\/p>\n\n\n\n<p><\/p>\n\n\n\n<p><strong><span class=\"has-inline-color has-green-color\">Nous \u00e9tudierons ces questions \u00e0 travers l&rsquo;\u00e9tude de 3 genres cl\u00e9s de l&rsquo;histoire de la musique : l&rsquo;op\u00e9ra, le lied, et le ballet<\/span><\/strong><\/p>\n\n\n\n<p>=> <a href=\"http:\/\/www.musiquem.fr\/college\/lopera\/\">l&rsquo;op\u00e9ra<\/a><\/p>\n\n\n\n<p>=> le lied<\/p>\n\n\n\n<p>=> le ballet<\/p>\n","protected":false},"excerpt":{"rendered":"<p>Cr\u00e9ation avec l&rsquo;atelier th\u00e9\u00e2tre et les arts plastiques du Lyc\u00e9e Rousseau Objectifs : d\u00e9cloisonner les disciplines en ouvrant les \u00e9l\u00e8ves \u00e0 de nouvelles pratiques artistiques \u00e9tudier les interactions possibles entre diff\u00e9rentes disciplines dans le cadre d&rsquo;une cr\u00e9ation commune Question de style et du genre en musique Lesquels de ces genres musicaux permettent de r\u00e9aliser un &hellip; <a href=\"http:\/\/www.musiquem.fr\/college\/sujet-2-musique-recit-mouvement-et-scene\/\" class=\"more-link\">Continuer la lecture de <span class=\"screen-reader-text\">Sujet 2 : musique, r\u00e9cit, mouvement et sc\u00e8ne<\/span>  <span class=\"meta-nav\">&rarr;<\/span><\/a><\/p>\n","protected":false},"author":1,"featured_media":0,"parent":0,"menu_order":0,"comment_status":"closed","ping_status":"closed","template":"","meta":{"footnotes":""},"class_list":["post-1997","page","type-page","status-publish","hentry"],"_links":{"self":[{"href":"http:\/\/www.musiquem.fr\/college\/wp-json\/wp\/v2\/pages\/1997","targetHints":{"allow":["GET"]}}],"collection":[{"href":"http:\/\/www.musiquem.fr\/college\/wp-json\/wp\/v2\/pages"}],"about":[{"href":"http:\/\/www.musiquem.fr\/college\/wp-json\/wp\/v2\/types\/page"}],"author":[{"embeddable":true,"href":"http:\/\/www.musiquem.fr\/college\/wp-json\/wp\/v2\/users\/1"}],"replies":[{"embeddable":true,"href":"http:\/\/www.musiquem.fr\/college\/wp-json\/wp\/v2\/comments?post=1997"}],"version-history":[{"count":6,"href":"http:\/\/www.musiquem.fr\/college\/wp-json\/wp\/v2\/pages\/1997\/revisions"}],"predecessor-version":[{"id":2029,"href":"http:\/\/www.musiquem.fr\/college\/wp-json\/wp\/v2\/pages\/1997\/revisions\/2029"}],"wp:attachment":[{"href":"http:\/\/www.musiquem.fr\/college\/wp-json\/wp\/v2\/media?parent=1997"}],"curies":[{"name":"wp","href":"https:\/\/api.w.org\/{rel}","templated":true}]}}

Sujet 2 : musique, récit, mouvement et scène

<p><strong><span class="has-inline-color has-green-color">Création avec l&rsquo;atelier théâtre et les arts plastiques du Lycée Rousseau</span></strong></p>



<div class="wp-block-image"><figure class="alignleft size-large is-resized"><img loading="lazy" decoding="async" src="http://www.musiquem.fr/college/wp-content/uploads/2020/11/Capture-d’écran-2020-11-09-à-17.57.20.png" alt="" class="wp-image-2001" width="126" height="231" srcset="http://www.musiquem.fr/college/wp-content/uploads/2020/11/Capture-d’écran-2020-11-09-à-17.57.20.png 372w, http://www.musiquem.fr/college/wp-content/uploads/2020/11/Capture-d’écran-2020-11-09-à-17.57.20-163x300.png 163w" sizes="auto, (max-width: 126px) 100vw, 126px" /></figure></div>



<p>Objectifs :</p>



<ul class="wp-block-list"><li>décloisonner les disciplines en ouvrant les élèves à de nouvelles pratiques artistiques</li><li>étudier les interactions possibles entre différentes disciplines dans le cadre d&rsquo;une création commune </li></ul>



<p><strong><span class="has-inline-color has-green-color">Question de style et du genre en musique</span></strong></p>



<iframe loading="lazy" width="560" height="315" src="https://www.youtube.com/embed/4Lf1_PSbsMQ" frameborder="0" allow="accelerometer; autoplay; clipboard-write; encrypted-media; gyroscope; picture-in-picture" allowfullscreen=""></iframe>



<figure class="wp-block-gallery columns-4 is-cropped wp-block-gallery-1 is-layout-flex wp-block-gallery-is-layout-flex"><ul class="blocks-gallery-grid"><li class="blocks-gallery-item"><figure><a href="http://www.musiquem.fr/college/sujet-2-musique-recit-mouvement-et-scene/chanson-2/"><img loading="lazy" decoding="async" width="724" height="1024" src="http://www.musiquem.fr/college/wp-content/uploads/2020/11/chanson-724x1024.jpg" alt="" data-id="2002" data-link="http://www.musiquem.fr/college/sujet-2-musique-recit-mouvement-et-scene/chanson-2/" class="wp-image-2002" srcset="http://www.musiquem.fr/college/wp-content/uploads/2020/11/chanson-724x1024.jpg 724w, http://www.musiquem.fr/college/wp-content/uploads/2020/11/chanson-212x300.jpg 212w, http://www.musiquem.fr/college/wp-content/uploads/2020/11/chanson-768x1086.jpg 768w, http://www.musiquem.fr/college/wp-content/uploads/2020/11/chanson-1086x1536.jpg 1086w, http://www.musiquem.fr/college/wp-content/uploads/2020/11/chanson-1448x2048.jpg 1448w, http://www.musiquem.fr/college/wp-content/uploads/2020/11/chanson-scaled.jpg 1810w" sizes="auto, (max-width: 724px) 100vw, 724px" /></a></figure></li><li class="blocks-gallery-item"><figure><a href="http://www.musiquem.fr/college/sujet-2-musique-recit-mouvement-et-scene/concerto-2/"><img loading="lazy" decoding="async" width="724" height="1024" src="http://www.musiquem.fr/college/wp-content/uploads/2020/11/concerto-724x1024.jpg" alt="" data-id="2003" data-link="http://www.musiquem.fr/college/sujet-2-musique-recit-mouvement-et-scene/concerto-2/" class="wp-image-2003" srcset="http://www.musiquem.fr/college/wp-content/uploads/2020/11/concerto-724x1024.jpg 724w, http://www.musiquem.fr/college/wp-content/uploads/2020/11/concerto-212x300.jpg 212w, http://www.musiquem.fr/college/wp-content/uploads/2020/11/concerto-768x1086.jpg 768w, http://www.musiquem.fr/college/wp-content/uploads/2020/11/concerto-1086x1536.jpg 1086w, http://www.musiquem.fr/college/wp-content/uploads/2020/11/concerto-1448x2048.jpg 1448w, http://www.musiquem.fr/college/wp-content/uploads/2020/11/concerto-scaled.jpg 1810w" sizes="auto, (max-width: 724px) 100vw, 724px" /></a></figure></li><li class="blocks-gallery-item"><figure><a href="http://www.musiquem.fr/college/sujet-2-musique-recit-mouvement-et-scene/musique-de-chambre-2/"><img loading="lazy" decoding="async" width="724" height="1024" src="http://www.musiquem.fr/college/wp-content/uploads/2020/11/musique-de-chambre-724x1024.jpg" alt="" data-id="2004" data-link="http://www.musiquem.fr/college/sujet-2-musique-recit-mouvement-et-scene/musique-de-chambre-2/" class="wp-image-2004" srcset="http://www.musiquem.fr/college/wp-content/uploads/2020/11/musique-de-chambre-724x1024.jpg 724w, http://www.musiquem.fr/college/wp-content/uploads/2020/11/musique-de-chambre-212x300.jpg 212w, http://www.musiquem.fr/college/wp-content/uploads/2020/11/musique-de-chambre-768x1086.jpg 768w, http://www.musiquem.fr/college/wp-content/uploads/2020/11/musique-de-chambre-1086x1536.jpg 1086w, http://www.musiquem.fr/college/wp-content/uploads/2020/11/musique-de-chambre-1448x2048.jpg 1448w, http://www.musiquem.fr/college/wp-content/uploads/2020/11/musique-de-chambre-scaled.jpg 1810w" sizes="auto, (max-width: 724px) 100vw, 724px" /></a></figure></li><li class="blocks-gallery-item"><figure><a href="http://www.musiquem.fr/college/sujet-2-musique-recit-mouvement-et-scene/musique-sacree-2/"><img loading="lazy" decoding="async" width="724" height="1024" src="http://www.musiquem.fr/college/wp-content/uploads/2020/11/musique-sacrée-724x1024.jpg" alt="" data-id="2005" data-link="http://www.musiquem.fr/college/sujet-2-musique-recit-mouvement-et-scene/musique-sacree-2/" class="wp-image-2005" srcset="http://www.musiquem.fr/college/wp-content/uploads/2020/11/musique-sacrée-724x1024.jpg 724w, http://www.musiquem.fr/college/wp-content/uploads/2020/11/musique-sacrée-212x300.jpg 212w, http://www.musiquem.fr/college/wp-content/uploads/2020/11/musique-sacrée-768x1086.jpg 768w, http://www.musiquem.fr/college/wp-content/uploads/2020/11/musique-sacrée-1086x1536.jpg 1086w, http://www.musiquem.fr/college/wp-content/uploads/2020/11/musique-sacrée-1448x2048.jpg 1448w, http://www.musiquem.fr/college/wp-content/uploads/2020/11/musique-sacrée-scaled.jpg 1810w" sizes="auto, (max-width: 724px) 100vw, 724px" /></a></figure></li><li class="blocks-gallery-item"><figure><a href="http://www.musiquem.fr/college/sujet-2-musique-recit-mouvement-et-scene/sonate-2/"><img loading="lazy" decoding="async" width="724" height="1024" src="http://www.musiquem.fr/college/wp-content/uploads/2020/11/sonate-724x1024.jpg" alt="" data-id="2007" data-link="http://www.musiquem.fr/college/sujet-2-musique-recit-mouvement-et-scene/sonate-2/" class="wp-image-2007" srcset="http://www.musiquem.fr/college/wp-content/uploads/2020/11/sonate-724x1024.jpg 724w, http://www.musiquem.fr/college/wp-content/uploads/2020/11/sonate-212x300.jpg 212w, http://www.musiquem.fr/college/wp-content/uploads/2020/11/sonate-768x1086.jpg 768w, http://www.musiquem.fr/college/wp-content/uploads/2020/11/sonate-1086x1536.jpg 1086w, http://www.musiquem.fr/college/wp-content/uploads/2020/11/sonate-1448x2048.jpg 1448w, http://www.musiquem.fr/college/wp-content/uploads/2020/11/sonate-scaled.jpg 1810w" sizes="auto, (max-width: 724px) 100vw, 724px" /></a></figure></li><li class="blocks-gallery-item"><figure><a href="http://www.musiquem.fr/college/sujet-2-musique-recit-mouvement-et-scene/symphonie-2/"><img loading="lazy" decoding="async" width="724" height="1024" src="http://www.musiquem.fr/college/wp-content/uploads/2020/11/symphonie-724x1024.jpg" alt="" data-id="2008" data-full-url="http://www.musiquem.fr/college/wp-content/uploads/2020/11/symphonie-scaled.jpg" data-link="http://www.musiquem.fr/college/sujet-2-musique-recit-mouvement-et-scene/symphonie-2/" class="wp-image-2008" srcset="http://www.musiquem.fr/college/wp-content/uploads/2020/11/symphonie-724x1024.jpg 724w, http://www.musiquem.fr/college/wp-content/uploads/2020/11/symphonie-212x300.jpg 212w, http://www.musiquem.fr/college/wp-content/uploads/2020/11/symphonie-768x1086.jpg 768w, http://www.musiquem.fr/college/wp-content/uploads/2020/11/symphonie-1086x1536.jpg 1086w, http://www.musiquem.fr/college/wp-content/uploads/2020/11/symphonie-1448x2048.jpg 1448w, http://www.musiquem.fr/college/wp-content/uploads/2020/11/symphonie-scaled.jpg 1810w" sizes="auto, (max-width: 724px) 100vw, 724px" /></a></figure></li><li class="blocks-gallery-item"><figure><a href="http://www.musiquem.fr/college/sujet-2-musique-recit-mouvement-et-scene/opera-2/"><img loading="lazy" decoding="async" width="724" height="1024" src="http://www.musiquem.fr/college/wp-content/uploads/2020/11/opéra-724x1024.jpg" alt="" data-id="2006" data-link="http://www.musiquem.fr/college/sujet-2-musique-recit-mouvement-et-scene/opera-2/" class="wp-image-2006" srcset="http://www.musiquem.fr/college/wp-content/uploads/2020/11/opéra-724x1024.jpg 724w, http://www.musiquem.fr/college/wp-content/uploads/2020/11/opéra-212x300.jpg 212w, http://www.musiquem.fr/college/wp-content/uploads/2020/11/opéra-768x1086.jpg 768w, http://www.musiquem.fr/college/wp-content/uploads/2020/11/opéra-1086x1536.jpg 1086w, http://www.musiquem.fr/college/wp-content/uploads/2020/11/opéra-1448x2048.jpg 1448w, http://www.musiquem.fr/college/wp-content/uploads/2020/11/opéra-scaled.jpg 1810w" sizes="auto, (max-width: 724px) 100vw, 724px" /></a></figure></li></ul></figure>



<p>Lesquels de ces genres musicaux permettent de réaliser un récit ?</p>



<p>A quel public chaque genre est-il destiné ?</p>



<p>Dans quel lieux s&rsquo;organise chaque genre ?</p>



<p>Comment s&rsquo;organise l&rsquo;espace /la scène pour chacun de ces genres ?</p>



<p>Qu&rsquo;est-ce qu&rsquo;un poème symphonique ?</p>



<p>Peut-on véritablement raconter une histoire en utilisant uniquement un langage musical ?</p>



<p></p>



<p><strong><span class="has-inline-color has-green-color">Nous étudierons ces questions à travers l&rsquo;étude de 3 genres clés de l&rsquo;histoire de la musique : l&rsquo;opéra, le lied, et le ballet</span></strong></p>



<p>=> <a href="http://www.musiquem.fr/college/lopera/">l&rsquo;opéra</a></p>



<p>=> le lied</p>



<p>=> le ballet</p>

<p>Création avec l&rsquo;atelier théâtre et les arts plastiques du Lycée Rousseau Objectifs : décloisonner les disciplines en ouvrant les élèves à de nouvelles pratiques artistiques étudier les interactions possibles entre différentes disciplines dans le cadre d&rsquo;une création commune Question de style et du genre en musique Lesquels de ces genres musicaux permettent de réaliser un &hellip; <a href="http://www.musiquem.fr/college/sujet-2-musique-recit-mouvement-et-scene/" class="more-link">Continuer la lecture de <span class="screen-reader-text">Sujet 2 : musique, récit, mouvement et scène</span>  <span class="meta-nav">&rarr;</span></a></p>
