{"id":2017,"date":"2020-11-12T14:27:16","date_gmt":"2020-11-12T13:27:16","guid":{"rendered":"http:\/\/www.musiquem.fr\/college\/?page_id=2017"},"modified":"2020-11-12T14:54:28","modified_gmt":"2020-11-12T13:54:28","slug":"lopera","status":"publish","type":"page","link":"http:\/\/www.musiquem.fr\/college\/lopera\/","title":{"rendered":"L&rsquo;op\u00e9ra"},"content":{"rendered":"\n<iframe loading=\"lazy\" width=\"560\" height=\"315\" src=\"https:\/\/www.youtube.com\/embed\/E72NqFdlScw\" frameborder=\"0\" allow=\"accelerometer; autoplay; clipboard-write; encrypted-media; gyroscope; picture-in-picture\" allowfullscreen><\/iframe>\n\n\n\n<div class=\"wp-block-image\"><figure class=\"alignright size-large is-resized\"><a href=\"https:\/\/metascore.philharmoniedeparis.fr\/fr\/player\/qxVr\"><img loading=\"lazy\" decoding=\"async\" src=\"http:\/\/www.musiquem.fr\/college\/wp-content\/uploads\/2020\/11\/Capture-d\u2019\u00e9cran-2020-11-12-\u00e0-14.22.32-1.png\" alt=\"\" class=\"wp-image-2021\" width=\"91\" height=\"78\"\/><\/a><\/figure><\/div>\n\n\n\n<div style=\"padding-top: 100%; position: relative;\"><iframe loading=\"lazy\" src=\"https:\/\/metascore.philharmoniedeparis.fr\/fr\/player\/qxVr?responsive=1&#038;allow_upscaling=1\" type=\"text\/html\" frameborder=\"0\" allowfullscreen allow=\"autoplay; fullscreen\" class=\"metascore-embed\" style=\"position:absolute; top:0; left:0; width:100%; height:100%;\" width=\"100%\" height=\"100%\"><\/iframe>\n<\/div>\n\n\n\n\n<figure class=\"wp-block-image size-large\"><img loading=\"lazy\" decoding=\"async\" width=\"724\" height=\"1024\" src=\"http:\/\/www.musiquem.fr\/college\/wp-content\/uploads\/2020\/11\/op\u00e9ra-724x1024.jpg\" alt=\"\" class=\"wp-image-2006\" srcset=\"http:\/\/www.musiquem.fr\/college\/wp-content\/uploads\/2020\/11\/op\u00e9ra-724x1024.jpg 724w, http:\/\/www.musiquem.fr\/college\/wp-content\/uploads\/2020\/11\/op\u00e9ra-212x300.jpg 212w, http:\/\/www.musiquem.fr\/college\/wp-content\/uploads\/2020\/11\/op\u00e9ra-768x1086.jpg 768w, http:\/\/www.musiquem.fr\/college\/wp-content\/uploads\/2020\/11\/op\u00e9ra-1086x1536.jpg 1086w, http:\/\/www.musiquem.fr\/college\/wp-content\/uploads\/2020\/11\/op\u00e9ra-1448x2048.jpg 1448w, http:\/\/www.musiquem.fr\/college\/wp-content\/uploads\/2020\/11\/op\u00e9ra-scaled.jpg 1810w\" sizes=\"auto, (max-width: 724px) 100vw, 724px\" \/><\/figure>\n\n\n\n<p><strong><span style=\"text-decoration: underline;\">Ressources :<\/span><\/strong><\/p>\n\n\n\n<p><em>La Fl\u00fbte enchant\u00e9e<\/em>, air \u00ab\u00a0<em>Dies Bildnis ist&#8230;<\/em>\u00a0\u00bb de W. A. Mozart\u00a0: la musique comme narration           <a href=\"http:\/\/La Fl\u00fbte enchant\u00e9e, air \u00ab Dies Bildnis ist... \u00bb de W. A. Mozart : la musique comme narration\">GUIDE D&rsquo;\u00c9COUTE<\/a><\/p>\n\n\n\n<p><em>Mitridate<\/em>\u00a0(\u00ab\u00a0<em>Nel grave tormento<\/em>\u00a0\u00bb) de W.-A. Mozart\u00a0: deux sentiments exprim\u00e9s en musique <a href=\"https:\/\/pad.philharmoniedeparis.fr\/CMDA\/CMDA100007900\/default.htm\"> GUIDE D&rsquo;\u00c9COUTE<\/a><\/p>\n\n\n\n<p><em>Le Voyage \u00e0 Reims<\/em>\u00a0(extrait de l&rsquo;<em>Ouverture<\/em>) de Gioacchino Rossini : un feu d&rsquo;artifice d&rsquo;humeurs  <a href=\"https:\/\/pad.philharmoniedeparis.fr\/CMDA\/CMDA100008600\/default.htm\">GUIDE D&rsquo;\u00c9COUTE<\/a><\/p>\n\n\n\n<p>Histoire de l&rsquo;op\u00e9ra classique <a href=\"https:\/\/edutheque.philharmoniedeparis.fr\/portal.aspx?p=4206\">EDUTHEQUE-PHILHARMONIE<\/a><\/p>\n","protected":false},"excerpt":{"rendered":"<p>Ressources : La Fl\u00fbte enchant\u00e9e, air \u00ab\u00a0Dies Bildnis ist&#8230;\u00a0\u00bb de W. A. Mozart\u00a0: la musique comme narration GUIDE D&rsquo;\u00c9COUTE Mitridate\u00a0(\u00ab\u00a0Nel grave tormento\u00a0\u00bb) de W.-A. Mozart\u00a0: deux sentiments exprim\u00e9s en musique GUIDE D&rsquo;\u00c9COUTE Le Voyage \u00e0 Reims\u00a0(extrait de l&rsquo;Ouverture) de Gioacchino Rossini : un feu d&rsquo;artifice d&rsquo;humeurs GUIDE D&rsquo;\u00c9COUTE Histoire de l&rsquo;op\u00e9ra classique EDUTHEQUE-PHILHARMONIE<\/p>\n","protected":false},"author":1,"featured_media":0,"parent":0,"menu_order":0,"comment_status":"closed","ping_status":"closed","template":"","meta":{"footnotes":""},"class_list":["post-2017","page","type-page","status-publish","hentry"],"_links":{"self":[{"href":"http:\/\/www.musiquem.fr\/college\/wp-json\/wp\/v2\/pages\/2017","targetHints":{"allow":["GET"]}}],"collection":[{"href":"http:\/\/www.musiquem.fr\/college\/wp-json\/wp\/v2\/pages"}],"about":[{"href":"http:\/\/www.musiquem.fr\/college\/wp-json\/wp\/v2\/types\/page"}],"author":[{"embeddable":true,"href":"http:\/\/www.musiquem.fr\/college\/wp-json\/wp\/v2\/users\/1"}],"replies":[{"embeddable":true,"href":"http:\/\/www.musiquem.fr\/college\/wp-json\/wp\/v2\/comments?post=2017"}],"version-history":[{"count":8,"href":"http:\/\/www.musiquem.fr\/college\/wp-json\/wp\/v2\/pages\/2017\/revisions"}],"predecessor-version":[{"id":2028,"href":"http:\/\/www.musiquem.fr\/college\/wp-json\/wp\/v2\/pages\/2017\/revisions\/2028"}],"wp:attachment":[{"href":"http:\/\/www.musiquem.fr\/college\/wp-json\/wp\/v2\/media?parent=2017"}],"curies":[{"name":"wp","href":"https:\/\/api.w.org\/{rel}","templated":true}]}}