{"id":31,"date":"2016-09-02T22:17:56","date_gmt":"2016-09-02T20:17:56","guid":{"rendered":"http:\/\/www.musiquem.fr\/college\/?page_id=31"},"modified":"2017-08-10T11:21:28","modified_gmt":"2017-08-10T09:21:28","slug":"sequence-1-6eme","status":"publish","type":"page","link":"http:\/\/www.musiquem.fr\/college\/sequence-1-6eme\/","title":{"rendered":"S\u00e9quence 1 &#8211; 6\u00e8me : Le Tour du monde la voix"},"content":{"rendered":"<p>Pendant cette s\u00e9quence, le c\u00e9l\u00e8bre ethnomusicologue Tr\u1ea7n Quang H\u1ea3i vous propose de faire le <em>Tour du monde de la voix<\/em>.<\/p>\n<p><strong>Voici\u00a0le trailer de la s\u00e9quence :<\/strong><\/p>\n<p><iframe loading=\"lazy\" src=\"https:\/\/www.youtube.com\/embed\/6MxKltKj4dw\" width=\"560\" height=\"315\" frameborder=\"0\" allowfullscreen=\"allowfullscreen\"><\/iframe><\/p>\n<p><strong>Intervention de Tr\u1ea7n :<\/strong><\/p>\n<p><iframe loading=\"lazy\" src=\"https:\/\/www.youtube.com\/embed\/5eXLcLUWw3Y\" width=\"560\" height=\"315\" frameborder=\"0\" allowfullscreen=\"allowfullscreen\"><\/iframe><\/p>\n<p>&nbsp;<\/p>\n<p><a href=\"https:\/\/padlet.com\/monceaux35\/voixdumonde\">Acc\u00e9der au\u00a0padlet de\u00a0la s\u00e9quence<\/a><\/p>\n<div class=\"padlet-embed\" style=\"border: 1px solid rgba(0,0,0,0.1); border-radius: 2px; box-sizing: border-box; overflow: hidden; position: relative; width: 480px; height: 352px; max-width: 100%;\"><iframe loading=\"lazy\" style=\"width: 100%; height: 100%; display: block; padding: 0; margin: 0;\" src=\"https:\/\/padlet.com\/padlets\/8yjlm93hd9yq\/embeds\/preview_embed\" width=\"300\" height=\"150\" frameborder=\"0\"><\/iframe><\/div>\n<p>&nbsp;<\/p>\n<p><a href=\"https:\/\/docs.google.com\/forms\/d\/e\/1FAIpQLSefCFRaGzoNlb0jyj3DHoEKlqjAidOhryTx0Uch0zm01PsrvA\/viewform\">Vid\u00e9o + questionnaire : semaine 1<\/a><\/p>\n<p>&nbsp;<\/p>\n<p>&nbsp;<\/p>\n","protected":false},"excerpt":{"rendered":"<p>Pendant cette s\u00e9quence, le c\u00e9l\u00e8bre ethnomusicologue Tr\u1ea7n Quang H\u1ea3i vous propose de faire le Tour du monde de la voix. Voici\u00a0le trailer de la s\u00e9quence : Intervention de Tr\u1ea7n : &nbsp; Acc\u00e9der au\u00a0padlet de\u00a0la s\u00e9quence &nbsp; Vid\u00e9o + questionnaire : semaine 1 &nbsp; &nbsp;<\/p>\n","protected":false},"author":1,"featured_media":0,"parent":0,"menu_order":0,"comment_status":"closed","ping_status":"closed","template":"","meta":{"footnotes":""},"class_list":["post-31","page","type-page","status-publish","hentry"],"_links":{"self":[{"href":"http:\/\/www.musiquem.fr\/college\/wp-json\/wp\/v2\/pages\/31","targetHints":{"allow":["GET"]}}],"collection":[{"href":"http:\/\/www.musiquem.fr\/college\/wp-json\/wp\/v2\/pages"}],"about":[{"href":"http:\/\/www.musiquem.fr\/college\/wp-json\/wp\/v2\/types\/page"}],"author":[{"embeddable":true,"href":"http:\/\/www.musiquem.fr\/college\/wp-json\/wp\/v2\/users\/1"}],"replies":[{"embeddable":true,"href":"http:\/\/www.musiquem.fr\/college\/wp-json\/wp\/v2\/comments?post=31"}],"version-history":[{"count":14,"href":"http:\/\/www.musiquem.fr\/college\/wp-json\/wp\/v2\/pages\/31\/revisions"}],"predecessor-version":[{"id":286,"href":"http:\/\/www.musiquem.fr\/college\/wp-json\/wp\/v2\/pages\/31\/revisions\/286"}],"wp:attachment":[{"href":"http:\/\/www.musiquem.fr\/college\/wp-json\/wp\/v2\/media?parent=31"}],"curies":[{"name":"wp","href":"https:\/\/api.w.org\/{rel}","templated":true}]}}

Séquence 1 &#8211; 6ème : Le Tour du monde la voix

<p>Pendant cette séquence, le célèbre ethnomusicologue Trần Quang Hải vous propose de faire le <em>Tour du monde de la voix</em>.</p>
<p><strong>Voici le trailer de la séquence :</strong></p>
<p><iframe loading="lazy" src="https://www.youtube.com/embed/6MxKltKj4dw" width="560" height="315" frameborder="0" allowfullscreen="allowfullscreen"></iframe></p>
<p><strong>Intervention de Trần :</strong></p>
<p><iframe loading="lazy" src="https://www.youtube.com/embed/5eXLcLUWw3Y" width="560" height="315" frameborder="0" allowfullscreen="allowfullscreen"></iframe></p>
<p>&nbsp;</p>
<p><a href="https://padlet.com/monceaux35/voixdumonde">Accéder au padlet de la séquence</a></p>
<div class="padlet-embed" style="border: 1px solid rgba(0,0,0,0.1); border-radius: 2px; box-sizing: border-box; overflow: hidden; position: relative; width: 480px; height: 352px; max-width: 100%;"><iframe loading="lazy" style="width: 100%; height: 100%; display: block; padding: 0; margin: 0;" src="https://padlet.com/padlets/8yjlm93hd9yq/embeds/preview_embed" width="300" height="150" frameborder="0"></iframe></div>
<p>&nbsp;</p>
<p><a href="https://docs.google.com/forms/d/e/1FAIpQLSefCFRaGzoNlb0jyj3DHoEKlqjAidOhryTx0Uch0zm01PsrvA/viewform">Vidéo + questionnaire : semaine 1</a></p>
<p>&nbsp;</p>
<p>&nbsp;</p>

<p>Pendant cette séquence, le célèbre ethnomusicologue Trần Quang Hải vous propose de faire le Tour du monde de la voix. Voici le trailer de la séquence : Intervention de Trần : &nbsp; Accéder au padlet de la séquence &nbsp; Vidéo + questionnaire : semaine 1 &nbsp; &nbsp;</p>
