{"id":560,"date":"2018-02-20T12:20:28","date_gmt":"2018-02-20T11:20:28","guid":{"rendered":"http:\/\/www.musiquem.fr\/college\/?page_id=560"},"modified":"2020-05-20T10:48:39","modified_gmt":"2020-05-20T08:48:39","slug":"sequence-3-5eme-le-jazz","status":"publish","type":"page","link":"http:\/\/www.musiquem.fr\/college\/sequence-3-5eme-le-jazz\/","title":{"rendered":"S\u00e9quence 3 &#8211; 5\u00e8me : Le Jazz"},"content":{"rendered":"<p><img loading=\"lazy\" decoding=\"async\" class=\"wp-image-561 aligncenter\" src=\"http:\/\/www.musiquem.fr\/college\/wp-content\/uploads\/2018\/02\/Capture-d\u00e9cran-2018-02-20-12.04.27-1024x462.png\" alt=\"\" width=\"653\" height=\"295\" srcset=\"http:\/\/www.musiquem.fr\/college\/wp-content\/uploads\/2018\/02\/Capture-d\u00e9cran-2018-02-20-12.04.27-1024x462.png 1024w, http:\/\/www.musiquem.fr\/college\/wp-content\/uploads\/2018\/02\/Capture-d\u00e9cran-2018-02-20-12.04.27-300x135.png 300w, http:\/\/www.musiquem.fr\/college\/wp-content\/uploads\/2018\/02\/Capture-d\u00e9cran-2018-02-20-12.04.27-768x346.png 768w, http:\/\/www.musiquem.fr\/college\/wp-content\/uploads\/2018\/02\/Capture-d\u00e9cran-2018-02-20-12.04.27-1200x541.png 1200w, http:\/\/www.musiquem.fr\/college\/wp-content\/uploads\/2018\/02\/Capture-d\u00e9cran-2018-02-20-12.04.27.png 1664w\" sizes=\"auto, (max-width: 653px) 100vw, 653px\" \/><\/p>\n<p style=\"text-align: center;\">\u00a0<iframe loading=\"lazy\" src=\"https:\/\/www.youtube.com\/embed\/FPVuLS-HXJo\" width=\"360\" height=\"215\" frameborder=\"0\" allowfullscreen=\"allowfullscreen\"><\/iframe><\/p>\n<p>Pendant cette s\u00e9quence, nous utiliserons l\u2019application miragemake pour scanner des QR codes. Attention, ces codes ne fonctionneront qu\u2019en classe. Tu pourras toutefois retrouver les ressources ci-dessous. <a href=\"http:\/\/www.musiquem.fr\/college\/wp-content\/uploads\/2018\/02\/fiche-de-cours_jazz.pdf\">T\u00e9l\u00e9charger les 3\u00a0premi\u00e8res pages du cours.<\/a><\/p>\n<p><strong>Les instruments de musique<\/strong><\/p>\n<p><a href=\"http:\/\/www.musiquem.fr\/college\/wp-content\/uploads\/2018\/02\/Instruments.jpg\"><img loading=\"lazy\" decoding=\"async\" class=\"size-thumbnail wp-image-562 aligncenter\" src=\"http:\/\/www.musiquem.fr\/college\/wp-content\/uploads\/2018\/02\/Instruments-150x150.jpg\" alt=\"\" width=\"150\" height=\"150\" \/><\/a><\/p>\n<p><strong>Lire les diff\u00e9rentes pistes sur garageband<\/strong><\/p>\n<div style=\"width: 474px;\" class=\"wp-video\"><video class=\"wp-video-shortcode\" id=\"video-560-1\" width=\"474\" height=\"267\" preload=\"metadata\" controls=\"controls\"><source type=\"video\/mp4\" src=\"http:\/\/www.musiquem.fr\/college\/wp-content\/uploads\/2018\/02\/pistes_sur_garageband.mp4?_=1\" \/><a href=\"http:\/\/www.musiquem.fr\/college\/wp-content\/uploads\/2018\/02\/pistes_sur_garageband.mp4\">http:\/\/www.musiquem.fr\/college\/wp-content\/uploads\/2018\/02\/pistes_sur_garageband.mp4<\/a><\/video><\/div>\n<p><strong>Les r\u00f4les instrumentaux (vid\u00e9o de Logann Vince)<\/strong><\/p>\n<p style=\"text-align: center;\">\u00a0<iframe loading=\"lazy\" src=\"https:\/\/www.youtube.com\/embed\/NiMAtHvxP7M\" width=\"360\" height=\"215\" frameborder=\"0\" allowfullscreen=\"allowfullscreen\"><\/iframe><\/p>\n<p><a href=\"https:\/\/youtu.be\/p-bFEFqAswY?t=2m14s\">Vid\u00e9o bonus\u00a0: un jeune musicien rencontre son idole, Herbie Hancock<\/a><\/p>\n<p><strong>Chant de notre s\u00e9quence (r\u00e9alisation des chorall\u00e8ges 2016)<\/strong><\/p>\n<p><iframe loading=\"lazy\" src=\"https:\/\/www.youtube.com\/embed\/kTFyO980lwg\" width=\"260\" height=\"215\" frameborder=\"0\" allowfullscreen=\"allowfullscreen\"><\/iframe><\/p>\n","protected":false},"excerpt":{"rendered":"<p>\u00a0 Pendant cette s\u00e9quence, nous utiliserons l\u2019application miragemake pour scanner des QR codes. Attention, ces codes ne fonctionneront qu\u2019en classe. Tu pourras toutefois retrouver les ressources ci-dessous. T\u00e9l\u00e9charger les 3\u00a0premi\u00e8res pages du cours. Les instruments de musique Lire les diff\u00e9rentes pistes sur garageband Les r\u00f4les instrumentaux (vid\u00e9o de Logann Vince) \u00a0 Vid\u00e9o bonus\u00a0: un jeune &hellip; <a href=\"http:\/\/www.musiquem.fr\/college\/sequence-3-5eme-le-jazz\/\" class=\"more-link\">Continuer la lecture de <span class=\"screen-reader-text\">S\u00e9quence 3 &#8211; 5\u00e8me : Le Jazz<\/span>  <span class=\"meta-nav\">&rarr;<\/span><\/a><\/p>\n","protected":false},"author":1,"featured_media":0,"parent":0,"menu_order":0,"comment_status":"closed","ping_status":"closed","template":"","meta":{"footnotes":""},"class_list":["post-560","page","type-page","status-publish","hentry"],"_links":{"self":[{"href":"http:\/\/www.musiquem.fr\/college\/wp-json\/wp\/v2\/pages\/560","targetHints":{"allow":["GET"]}}],"collection":[{"href":"http:\/\/www.musiquem.fr\/college\/wp-json\/wp\/v2\/pages"}],"about":[{"href":"http:\/\/www.musiquem.fr\/college\/wp-json\/wp\/v2\/types\/page"}],"author":[{"embeddable":true,"href":"http:\/\/www.musiquem.fr\/college\/wp-json\/wp\/v2\/users\/1"}],"replies":[{"embeddable":true,"href":"http:\/\/www.musiquem.fr\/college\/wp-json\/wp\/v2\/comments?post=560"}],"version-history":[{"count":7,"href":"http:\/\/www.musiquem.fr\/college\/wp-json\/wp\/v2\/pages\/560\/revisions"}],"predecessor-version":[{"id":1223,"href":"http:\/\/www.musiquem.fr\/college\/wp-json\/wp\/v2\/pages\/560\/revisions\/1223"}],"wp:attachment":[{"href":"http:\/\/www.musiquem.fr\/college\/wp-json\/wp\/v2\/media?parent=560"}],"curies":[{"name":"wp","href":"https:\/\/api.w.org\/{rel}","templated":true}]}}