{"id":725,"date":"2018-08-18T19:45:45","date_gmt":"2018-08-18T17:45:45","guid":{"rendered":"http:\/\/www.musiquem.fr\/college\/?page_id=725"},"modified":"2019-10-07T07:32:02","modified_gmt":"2019-10-07T05:32:02","slug":"excalibur-semaine-4","status":"publish","type":"page","link":"http:\/\/www.musiquem.fr\/college\/excalibur-semaine-4\/","title":{"rendered":"Excalibur Semaine 4"},"content":{"rendered":"<p><a href=\"http:\/\/www.musiquem.fr\/college\/sequence-1-5eme-excalibur\/\">Retourner \u00e0 la page principale \u00a0<\/a><\/p>\n<p style=\"text-align: right;\"><iframe loading=\"lazy\" src=\"https:\/\/www.youtube.com\/embed\/DTJgL46vapc\" width=\"560\" height=\"315\" frameborder=\"0\" allowfullscreen=\"allowfullscreen\"><\/iframe><\/p>\n<p>&nbsp;<\/p>\n<p>Vous avez bien regard\u00e9 la vid\u00e9o ?<\/p>\n<p><a href=\"https:\/\/connect.idoceo.net\" target=\"_blank\" rel=\"noopener\">=&gt; Acc\u00e9dez maintenant au questionnaire<\/a><\/p>\n","protected":false},"excerpt":{"rendered":"<p>Retourner \u00e0 la page principale \u00a0 &nbsp; Vous avez bien regard\u00e9 la vid\u00e9o ? =&gt; Acc\u00e9dez maintenant au questionnaire<\/p>\n","protected":false},"author":1,"featured_media":0,"parent":0,"menu_order":0,"comment_status":"closed","ping_status":"closed","template":"","meta":{"footnotes":""},"class_list":["post-725","page","type-page","status-publish","hentry"],"_links":{"self":[{"href":"http:\/\/www.musiquem.fr\/college\/wp-json\/wp\/v2\/pages\/725","targetHints":{"allow":["GET"]}}],"collection":[{"href":"http:\/\/www.musiquem.fr\/college\/wp-json\/wp\/v2\/pages"}],"about":[{"href":"http:\/\/www.musiquem.fr\/college\/wp-json\/wp\/v2\/types\/page"}],"author":[{"embeddable":true,"href":"http:\/\/www.musiquem.fr\/college\/wp-json\/wp\/v2\/users\/1"}],"replies":[{"embeddable":true,"href":"http:\/\/www.musiquem.fr\/college\/wp-json\/wp\/v2\/comments?post=725"}],"version-history":[{"count":5,"href":"http:\/\/www.musiquem.fr\/college\/wp-json\/wp\/v2\/pages\/725\/revisions"}],"predecessor-version":[{"id":985,"href":"http:\/\/www.musiquem.fr\/college\/wp-json\/wp\/v2\/pages\/725\/revisions\/985"}],"wp:attachment":[{"href":"http:\/\/www.musiquem.fr\/college\/wp-json\/wp\/v2\/media?parent=725"}],"curies":[{"name":"wp","href":"https:\/\/api.w.org\/{rel}","templated":true}]}}