{"id":913,"date":"2019-08-19T11:35:51","date_gmt":"2019-08-19T09:35:51","guid":{"rendered":"http:\/\/www.musiquem.fr\/college\/?page_id=913"},"modified":"2019-08-19T11:35:51","modified_gmt":"2019-08-19T09:35:51","slug":"sequence-4-5eme-opera","status":"publish","type":"page","link":"http:\/\/www.musiquem.fr\/college\/sequence-4-5eme-opera\/","title":{"rendered":"S\u00e9quence 4 &#8211; 5\u00e8me : Op\u00e9ra"},"content":{"rendered":"<p>en construction&#8230;<\/p>\n","protected":false},"excerpt":{"rendered":"<p>en construction&#8230;<\/p>\n","protected":false},"author":1,"featured_media":0,"parent":0,"menu_order":0,"comment_status":"closed","ping_status":"closed","template":"","meta":{"footnotes":""},"class_list":["post-913","page","type-page","status-publish","hentry"],"_links":{"self":[{"href":"http:\/\/www.musiquem.fr\/college\/wp-json\/wp\/v2\/pages\/913","targetHints":{"allow":["GET"]}}],"collection":[{"href":"http:\/\/www.musiquem.fr\/college\/wp-json\/wp\/v2\/pages"}],"about":[{"href":"http:\/\/www.musiquem.fr\/college\/wp-json\/wp\/v2\/types\/page"}],"author":[{"embeddable":true,"href":"http:\/\/www.musiquem.fr\/college\/wp-json\/wp\/v2\/users\/1"}],"replies":[{"embeddable":true,"href":"http:\/\/www.musiquem.fr\/college\/wp-json\/wp\/v2\/comments?post=913"}],"version-history":[{"count":1,"href":"http:\/\/www.musiquem.fr\/college\/wp-json\/wp\/v2\/pages\/913\/revisions"}],"predecessor-version":[{"id":914,"href":"http:\/\/www.musiquem.fr\/college\/wp-json\/wp\/v2\/pages\/913\/revisions\/914"}],"wp:attachment":[{"href":"http:\/\/www.musiquem.fr\/college\/wp-json\/wp\/v2\/media?parent=913"}],"curies":[{"name":"wp","href":"https:\/\/api.w.org\/{rel}","templated":true}]}}

Séquence 4 &#8211; 5ème : Opéra
